is divided by i?
8
Suppose 7 = 28*x - 106 - 27. What is the remainder when 23 is divided by x?
3
Let l(t) = -4*t**2 - 32*t - 93. Let k(g) = g**2 + 2*g + 2. Let q(s) = 3*k(s) + l(s). What is the remainder when 6 is divided by q(-4)?
0
Let x = 17340 - 17031. Calculate the remainder when x is divided by 39.
36
Let o be 0/((-16)/(-4))*(-1)/2. Suppose o = 7*v - 162 - 174. What is the remainder when 91 is divided by v?
43
Suppose 35*h - 30*h + 5*l = 15, -3*h + 12 = 2*l. Calculate the remainder when 441 is divided by h.
3
Suppose 0 = -4*h - 2*k - 6, h + 2*k + 0 + 6 = 0. Suppose h = -6*z + 192 - 42. What is the remainder when z is divided by 0/(-1) - (-1 + -13)?
11
Let f = 76 + -76. Let p be -2*69/(-3) - f - 1. Suppose -4*n + p = -n. What is the remainder when 72 is divided by n?
12
Let f = -58 + 60. Suppose 92 = f*p - 50. Let i = 155 - p. What is the remainder when i is divided by 18?
12
Suppose -10*q + 127 - 67 = 0. Let d(p) = -70*p + 433. Let t(k) = k**2 + k + 6. Calculate the remainder when t(5) is divided by d(q).
10
Let m(f) = -7*f + 20. Let z be m(5). Let n be (4 - (-54)/z)*55. Let o = n - -25. Calculate the remainder when o is divided by 24.
23
Suppose 1271 = q - 4*s - 1495, -2*q - 4*s = -5520. Calculate the remainder when 8294 is divided by q.
8
Let h(j) be the first derivative of -12*j**2 - 13*j - 34. Let v be h(-2). Suppose -6*d + 5*d + v = 0. Calculate the remainder when d is divided by 9.
8
Let u(y) = y**3 - 10*y**2 - 20*y - 7. Suppose -1278 - 132 = -47*d. What is the remainder when u(12) is divided by d?
11
Let l(q) = 3*q + 42. Let u be l(-14). Suppose o = -u + 4. Suppose c - o*s - 5 = 36, 0 = 4*c - 3*s - 99. What is the remainder when c is divided by 5?
1
Let d(c) be the first derivative of 11*c**3/3 - 35*c**2 + 8*c + 54. Calculate the remainder when d(7) is divided by 36.
21
Let m(i) = 17*i**3 - 7*i**2 + 13*i + 31. What is the remainder when m(5) is divided by 20?
6
Let i(g) = 3*g**2 - 17*g - 45. Let d be i(7). What is the remainder when 1/(-2) + 387/2 is divided by (3332/(-8))/d*2?
46
Suppose 449 = y - 129. Let z = y - 567. What is the remainder when 18 is divided by z?
7
Suppose 2*w - 2*h + 196 = 0, 3*w + 5*h - 2*h + 318 = 0. Calculate the remainder when (25/(-10) + 2)*360/(-6) is divided by (1 - 0)/((-6)/w).
13
Let r = -85 - -79. Let g(h) = -h**3 - 7*h**2 - 7*h. Let t be g(r). Suppose 52 = -t*f + 214. Calculate the remainder when f is divided by 8.
3
Let t(q) = -q**3 + 10*q**2 + 12*q + 82. What is the remainder when 1204 is divided by t(11)?
88
Suppose 5*g - 26 + 11 = 0. Suppose -w - 62 = -g*s, 0 = -0*s - 4*s + w + 81. Suppose -4*j + 657 = 7*j - 2*j. What is the remainder when j is divided by s?
16
Suppose -1318*b + 1310*b + 152 = 0. Suppose -500 = -b*i + 393. What is the remainder when 183 is divided by i?
42
Let u = 53 + -51. Suppose 21 - 9 = u*m. Calculate the remainder when m is divided by 4/32*4*4 + 1.
0
What is the remainder when 80/200*(-13245)/(-3) is divided by 15?
11
Let b = -11343 + 11353. Let t(o) be the first derivative of o**4/4 + 7*o**3/3 + o**2 - 7*o + 1. What is the remainder when t(-6) is divided by b?
7
Suppose 0 = -4*t + 2*w + 26, 2*t + w = -0*w + 7. Suppose -392 = -t*m + 313. Calculate the remainder when 8/(-3)*(m/4)/(-1) is divided by 32.
30
Let p = 13 - 8. Suppose 0 = -0*a - p*a + 40. What is the remainder when (-2*7/(-21))/((-8)/(-300)) is divided by a?
1
Let m(k) = k**2 - 2*k + 10. Suppose 0 = -s - 4 - 1, -10 = -5*x - 4*s. Let o be m(x). Calculate the remainder when (o/2)/(-2 + 3) is divided by 5.
2
Let n(d) = -d**2 + 45*d + 518. What is the remainder when 1066 is divided by n(52)?
142
Let p(z) = -317*z**2 - 312*z**2 + 19 + 637*z**2 - z**3. What is the remainder when 53 is divided by p(8)?
15
Let a be 2/5 - (-69)/15. Suppose -4*t - 148 = -7*t - a*i, -4*t + 216 = 2*i. Suppose -5*u + t + 19 = 0. What is the remainder when u is divided by 8?
7
Calculate the remainder when ((-4)/(-6))/((-40)/(-4260)) is divided by ((-5)/(-10))/((-1)/(-4)) - -19.
8
Let c(x) = -698*x - 11162. Let f = -1 + 6. Suppose -f*q + 80 = -3*q. What is the remainder when q is divided by c(-16)?
4
Let k be -3*(-6)/(-9)*40/16. Calculate the remainder when -3 + 8 + k + 65 is divided by 36.
29
Let l be (-22)/10 - 2/(-10). What is the remainder when (-387)/6*(-12)/(-45)*70/(-28) is divided by (32/l)/(1/(-1))?
11
Let g(t) = -2*t**2 - 47*t + 362. Calculate the remainder when g(0) is divided by 21.
5
Suppose -28*s - 3*i + 618 = -25*s, 0 = -2*s - 11*i + 394. Calculate the remainder when s is divided by 156.
52
Let i = 125 - 89. Calculate the remainder when 62 - (6 + -8) - -4 is divided by i.
32
Let l = -21 + 25. Let i be 2/(-4)*(0 + 6). Let n = 4 + i. What is the remainder when l is divided by n?
0
Suppose -1773 = c + 8*c. Let a = c + 243. What is the remainder when a is divided by 26?
20
Let b(t) = -2*t**3 + 80*t**2 + 5*t - 177. Let a = -159 + 271. Calculate the remainder when a is divided by b(40).
20
Suppose -161 = -2*x - 3*f - 1, 0 = -x - f + 78. What is the remainder when 588 is divided by x?
70
Let y = -16095 + 16549. Calculate the remainder when y is divided by 204.
46
Let o(n) = 6*n**2 + 6. Let a be o(-5). Suppose -2*y + 1 = -1, -4*x = -4*y - a. What is the remainder when x is divided by 15?
10
Let g(c) = 3*c**2 + 3*c - 38. Calculate the remainder when g(17) is divided by 42.
40
Suppose 41*f = 92*f - 45*f - 258. Calculate the remainder when 209 is divided by f.
37
Let r = -9705 - -9798. Calculate the remainder when 2508 is divided by r.
90
Suppose -x = 4*x - 235. What is the remainder when (18/(-18))/(-10)*2748 - (-12)/10 is divided by x?
41
Let l(y) = -82*y**3 + 4*y**2 - 5. Let i be l(2). Let c = 738 + i. What is the remainder when c is divided by (-2)/3 - (-59)/3?
17
Let u(w) = -2185*w + 32819. Let x = -5 + 7. Suppose -88 = -8*b + 3*b + 2*f, 2*b - 24 = -x*f. Calculate the remainder when u(15) is divided by b.
12
Let w(x) = -x**2 - 13*x + 470. Calculate the remainder when w(-21) is divided by 133.
36
Let g be (-16)/(-1*1/(-22)). Let k = 356 + g. What is the remainder when 12 is divided by k?
0
Suppose -3*b + 16322 = -2*d, 3*b + 3*d = 4*d + 16318. Calculate the remainder when b is divided by 49.
48
Let b(d) = 11*d**2 + 143*d + 3. Let x be b(-13). Suppose 0 = 3*r - 4*y - 78, 0 = r - x*y + 4*y - 26. Calculate the remainder when r is divided by 2.
0
Let b = 52 - -70. Let c = 579 - 548. Calculate the remainder when b is divided by c.
29
Let w = -3132 + 3401. Calculate the remainder when w is divided by 78.
35
What is the remainder when 1125 is divided by ((-1)/(-4))/(13/(-4914))*(-136)/102?
117
Let v(h) = -57*h**2 - 480*h - 12. Calculate the remainder when v(-8) is divided by 55.
15
Suppose 9*y + 527 - 1841 = 0. Let n(w) = -w**3 - 7*w**2 + 5*w + 13. Calculate the remainder when y is divided by n(-8).
35
What is the remainder when 255 is divided by (508/(-1270))/(2/(-265))?
43
Let j(m) = -8*m**2 + 39*m - 8. Let i(g) = 16*g - 28. Let t be i(2). Calculate the remainder when 77 is divided by j(t).
17
Let a(y) = 15*y**2 + 180*y - 684. Calculate the remainder when 589 is divided by a(4).
37
Suppose p + 176 = 287 + 482. What is the remainder when p is divided by 124?
97
Let q = 1 + 3. Suppose 15*y = -q*y + 627. What is the remainder when 64 is divided by y?
31
Let g = 47 - 62. Calculate the remainder when 194 is divided by (-6)/((-18)/g) - (-3 + -15).
12
Suppose 2*j - 13 = 3*n + 3, -2*n = -4*j + 16. Suppose -j*r - 10 = 4*l - 28, 9 = -2*r + 5*l. What is the remainder when 22 is divided by r?
1
Let b(y) = -y**3 - 12*y**2 + y + 18. Suppose -2 = -5*s - 62. Suppose 0 = -5*h + r + 10, 3 = -3*h + 4*r - 8. What is the remainder when b(s) is divided by h?
0
Let j(q) = q**2 - 4*q - 7. Calculate the remainder when 765 is divided by j(11).
65
Suppose 0 = -116*p + 113*p - 1272. Let n = -327 - p. What is the remainder when n is divided by (-222)/(-8) - (-1)/4?
13
Let j be ((-10)/4)/((-17)/68). Suppose 4*q + b = 7, b = 5*q - 10 - j. Suppose -q*r = -28 - 2. Calculate the remainder when 49 is divided by r.
9
Let x = 61 + 13. Let m = 7029 + -7013. Calculate the remainder when x is divided by m.
10
Let r be (2/3)/((-24)/(-180)). Suppose r*a - 5*t - 490 = 0, a + 8 - 90 = 5*t. What is the remainder when a is divided by 53?
49
Let y(p) = 3*p**2 - 6*p + 47. Let r be y(10